51516?
True
Is 2288 a multiple of 13?
True
Is 13 a factor of 2379?
True
Is 567 a multiple of 27?
True
Does 14 divide 1294?
False
Is 798 a multiple of 19?
True
Is 97 a factor of 13451?
False
Is 2553 a multiple of 37?
True
Is 5 a factor of 178?
False
Is 9931 a multiple of 18?
False
Is 14 a factor of 70?
True
Does 56 divide 504?
True
Is 2 a factor of 614?
True
Does 133 divide 22876?
True
Does 45 divide 7156?
False
Does 14 divide 168?
True
Does 25 divide 3750?
True
Is 120 a factor of 5400?
True
Is 1078 a multiple of 27?
False
Is 30 a factor of 5760?
True
Is 5460 a multiple of 156?
True
Does 20 divide 3467?
False
Is 1584 a multiple of 7?
False
Is 55 a factor of 550?
True
Does 8 divide 244?
False
Is 4378 a multiple of 10?
False
Does 61 divide 2928?
True
Does 9 divide 1162?
False
Is 17640 a multiple of 18?
True
Does 16 divide 18032?
True
Does 49 divide 5288?
False
Does 81 divide 8622?
False
Does 21 divide 3633?
True
Is 80 a factor of 37920?
True
Is 13974 a multiple of 15?
False
Is 12 a factor of 1416?
True
Does 8 divide 1648?
True
Does 19 divide 76?
True
Is 8 a factor of 38710?
False
Does 4 divide 647?
False
Is 795 a multiple of 15?
True
Is 3939 a multiple of 39?
True
Does 7 divide 539?
True
Does 6 divide 1182?
True
Is 115 a factor of 1725?
True
Is 278 a multiple of 4?
False
Does 35 divide 315?
True
Does 11 divide 11216?
False
Is 22017 a multiple of 123?
True
Is 3 a factor of 3252?
True
Is 6 a factor of 17117?
False
Is 26414 a multiple of 47?
True
Is 2 a factor of 28?
True
Does 91 divide 50414?
True
Is 38 a factor of 608?
True
Does 52 divide 1809?
False
Does 13 divide 715?
True
Is 207 a factor of 15732?
True
Is 45 a factor of 763?
False
Is 966 a multiple of 42?
True
Is 4768 a multiple of 16?
True
Is 12 a factor of 1099?
False
Does 50 divide 360?
False
Does 137 divide 92410?
False
Does 11 divide 1247?
False
Is 6 a factor of 6878?
False
Is 14 a factor of 1438?
False
Is 8 a factor of 2576?
True
Is 26 a factor of 520?
True
Is 20540 a multiple of 130?
True
Does 13 divide 3068?
True
Is 10 a factor of 207?
False
Does 25 divide 175?
True
Is 67150 a multiple of 79?
True
Is 30 a factor of 83850?
True
Does 48 divide 2955?
False
Is 225 a multiple of 9?
True
Does 9 divide 15660?
True
Is 6 a factor of 252?
True
Is 65 a factor of 4187?
False
Does 7 divide 573?
False
Is 4 a factor of 5688?
True
Is 43 a factor of 9631?
False
Is 7526 a multiple of 106?
True
Is 3072 a multiple of 64?
True
Is 53 a factor of 2385?
True
Is 74 a factor of 129500?
True
Does 39 divide 1860?
False
Is 13 a factor of 4719?
True
Is 70 a factor of 2940?
True
Is 2 a factor of 1517?
False
Is 12 a factor of 20148?
True
Is 13608 a multiple of 77?
False
Is 1011 a multiple of 9?
False
Is 3759 a multiple of 8?
False
Is 1210 a multiple of 8?
False
Does 360 divide 23400?
True
Is 16 a factor of 558?
False
Is 73 a factor of 4964?
True
Is 8540 a multiple of 28?
True
Is 23 a factor of 15439?
False
Is 957 a multiple of 4?
False
Is 177 a factor of 24658?
False
Is 183 a factor of 4026?
True
Does 43 divide 2021?
True
Is 4 a factor of 2124?
True
Is 504 a multiple of 3?
True
Is 70 a factor of 25576?
False
Is 9 a factor of 1315?
False
Is 45 a factor of 1269?
False
Is 23 a factor of 2530?
True
Is 1246 a multiple of 23?
False
Does 2 divide 15490?
True
Does 13 divide 884?
True
Is 13 a factor of 143?
True
Is 5 a factor of 97?
False
Is 21 a factor of 161?
False
Is 102 a multiple of 19?
False
Is 27 a factor of 978?
False
Does 30 divide 15540?
True
Is 135 a factor of 6885?
True
Does 11 divide 6853?
True
Is 45672 a multiple of 88?
True
Is 4 a factor of 609?
False
Is 979 a multiple of 2?
False
Is 11 a factor of 803?
True
Is 49691 a multiple of 79?
True
Is 7552 a multiple of 59?
True
Does 24 divide 1488?
True
Is 36 a factor of 5106?
False
Is 2419 a multiple of 2?
False
Is 183 a factor of 67500?
False
Does 8 divide 16800?
True
Is 11550 a multiple of 277?
False
Is 4 a factor of 24113?
False
Is 2 a factor of 4022?
True
Does 150 divide 94294?
False
Is 2 a factor of 3143?
False
Is 7 a factor of 413?
True
Is 42 a factor of 1968?
False
Is 3 a factor of 1299?
True
Does 6 divide 306?
True
Does 73 divide 5913?
True
Is 8 a factor of 15744?
True
Is 86 a multiple of 5?
False
Is 44 a factor of 3838?
False
Is 131 a factor of 655?
True
Does 41 divide 738?
True
Does 19 divide 7584?
False
Is 5 a factor of 298?
False
Does 4 divide 12280?
True
Is 770 a multiple of 70?
True
Does 52 divide 24492?
True
Does 50 divide 1104?
False
Does 5 divide 355?
True
Is 28 a factor of 3584?
True
Does 23 divide 299?
True
Is 48 a factor of 1552?
False
Is 7 a factor of 4606?
True
Does 38 divide 8151?
False
Does 39 divide 42570?
False
Is 182 a factor of 6916?
True
Is 5 a factor of 125?
True
Is 42 a factor of 17262?
True
Does 27 divide 1593?
True
Does 24 divide 1128?
True
Is 7 a factor of 193?
False
Is 126 a factor of 252?
True
Is 475 a multiple of 25?
True
Is 1049 a multiple of 86?
False
Is 24 a factor of 144?
True
Is 2 a factor of 233?
False
Does 105 divide 12987?
False
Is 10 a factor of 1630?
True
Does 113 divide 24395?
False
Does 80 divide 161?
False
Is 544 a multiple of 32?
True
Does 447 divide 143760?
False
Is 41 a factor of 5134?
False
Is 616 a multiple of 56?
True
Is 205 a factor of 7631?
False
Is 490 a multiple of 7?
True
Is 50 a factor of 5988?
False
Is 16 a factor of 1490?
False
Is 5 a factor of 10457?
False
Is 140 a multiple of 11?
False
Does 14 divide 364?
True
Is 77 a factor of 11088?
True
Is 35 a factor of 5204?
False
Is 12635 a multiple of 133?
True
Does 23 divide 871?
False
Is 3706 a multiple of 17?
True
Is 28560 a multiple of 255?
True
Does 17 divide 5910?
False
Is 15 a factor of 810?
True
Does 23 divide 635?
False
Does 22 divide 9470?
False
Is 45 a factor of 16020?
True
Does 4 divide 1296?
True
Does 7 divide 398?
False
Does 34 divide 60757?
False
Is 7 a factor of 623?
True
Is 373 a multiple of 21?
False
Is 22 a factor of 470?
False
Is 14 a factor of 1062?
False
Does 65 divide 395?
False
Is 131 a factor of 31309?
True
Does 12 divide 6168?
True
Does 13 divide 838?
False
Is 4455 a multiple of 27?
True
Is 50360 a multiple of 40?
True
Is 219 a multiple of 21?
False
Is 6 a factor of 2080?
False
Is 179 a factor of 34368?
True
Is 22 a factor of 528?
True
Is 7 a factor of 2167?
False
Is 4 a factor of 161?
False
Is 211 a multiple of 50?
False
Is 16 a factor of 688?
True
Is 88 a factor of 1760?
True
Is 29 a factor of 145?
True
Is 60025 a multiple of 79?
False
Is 3867 a multiple of 173?
False
Is 14 a factor of 1122?
False
Is 5 a factor of 4290?
True
Is 31 even?
False
Is 26 a factor of 97084?
True
Does 71 divide 1153?
False
Does 24 divide 4404?
False
Is 4491 a multiple of 17?
False
Does 11 divide 773?
False
Is 133 a multiple of 7?
True
Does 65 divide 35035?
True
Does 5 divide 3345?
True
Does 126 divide 126?
True
Is 105 a multiple of 4?
False
Is 20 a factor of 6200?
True
Is 30 a factor of 90?
True
Is 103 a multiple of 33?
False
Is 13 a factor of 6987?
False
Is 34040 a multiple of 43?
False
Is 9687 a multiple of 124?
False
Is 39 a factor of 736?
False
Is 4692 a multiple of 69?
True
Does 55 divide 330?
True
Is 19 a factor of 342?
True
Is 13 a factor of 26234?
True
Does 13 divide 247?
True
Is 1015 a multiple of 24?
False
Does 12 divide 832?
False
Is 877 a multiple of 48?
False
Is 13 a factor of 5501?
False
Is 11 a factor of 468?
False
Does 14 divide 1428?
True
Is 8 a factor of 6880?
True
Does 24 divide 1964?
False
Is 25 a factor of 300?
True
Does 11 divide 23542?
False
Does 123 divide 1230?
True
Is 9 a factor of 980?
False
Does 34 divide 238?
True
Is 32 a factor of 743?
False
Is 8 a factor of 216?
True
Is 20 a factor of 43660?
True
Is 114 a factor of 1918?
False
Is 27 a factor of 265?
False
Does 130 divide 38671?
False
Is 9576 a multiple of 36?
True
Is 12 a factor of 2256?
True
Does 17 divide 4148?
True
Is 29 a factor of 2987?
True
Is 4242 a multiple of 90?
False
Is 3369 a multiple of 16?
False
Does 103 divide 23587?
True
Does 21 divide 3996?
False
Is 7 a factor of 2170?
True
Is 20 a factor of 2920?
True
Is 93 a factor of 9794?
False
Does 29 divide 1392?
True
Does 11 divide 10089?
False
Is 3 a factor of 153?
True
Does 19 divide 66?
False
Does 19 divide 350?
False
Does 21 divide 87367?
False
Is 321 a factor of 15408?
True
Is 14 a factor of 5194?
True
Does 42 div